{"id":459,"date":"2024-01-07T11:59:14","date_gmt":"2024-01-07T10:59:14","guid":{"rendered":"https:\/\/web.gmlink.sk\/?page_id=459"},"modified":"2024-11-05T20:24:17","modified_gmt":"2024-11-05T19:24:17","slug":"rozsirenie-poskytovania-sluzieb-gm-link-s-r-o","status":"publish","type":"page","link":"https:\/\/gm-link.sk\/?page_id=459","title":{"rendered":"Roz\u0161\u00edrenie poskytovania slu\u017eieb GM-LINK, s.r.o"},"content":{"rendered":"\n<figure class=\"wp-block-image size-large is-resized has-custom-border wp-duotone-unset-1\"><img loading=\"lazy\" decoding=\"async\" width=\"1024\" height=\"235\" src=\"https:\/\/web.gmlink.sk\/wp-content\/uploads\/2024\/01\/EU-OP-rozvoj-logo-1-1024x235.png\" alt=\"\" class=\"has-border-color has-contrast-border-color wp-image-461\" style=\"border-width:1px;width:560px\" srcset=\"https:\/\/gm-link.sk\/wp-content\/uploads\/2024\/01\/EU-OP-rozvoj-logo-1-1024x235.png 1024w, https:\/\/gm-link.sk\/wp-content\/uploads\/2024\/01\/EU-OP-rozvoj-logo-1-300x69.png 300w, https:\/\/gm-link.sk\/wp-content\/uploads\/2024\/01\/EU-OP-rozvoj-logo-1-768x176.png 768w, https:\/\/gm-link.sk\/wp-content\/uploads\/2024\/01\/EU-OP-rozvoj-logo-1-1536x353.png 1536w, https:\/\/gm-link.sk\/wp-content\/uploads\/2024\/01\/EU-OP-rozvoj-logo-1.png 1921w\" sizes=\"(max-width: 1024px) 100vw, 1024px\" \/><\/figure>\n\n\n\n<p><strong>Realiz\u00e1cia projektu v r\u00e1mci opera\u010dn\u00e9ho programu Integrovan\u00e1 infra\u0161trukt\u00fara.<\/strong><\/p>\n\n\n\n<p>Prij\u00edmate\u013e: GM-LINK, s.r.o., Gener\u00e1la \u0160tef\u00e1nika 64, 060 01 Ke\u017emarok<br>Projekt: Roz\u0161\u00edrenie poskytovania slu\u017eieb GM-LINK, s.r.o<br>Miesto realiz\u00e1cie: Gener\u00e1la \u0160tef\u00e1nika 64, 060 01 Ke\u017emarok<br>V\u00fd\u0161ka poskytnut\u00e9ho NFP: 47 144,50 EUR<\/p>\n\n\n\n<p>Cie\u013eom projektu je zv\u00fd\u0161enie konkurencieschopnosti a rozvoj podnikania spolo\u010dnosti GM-LINK, s.r.o. prostredn\u00edctvom zavedenia nov\u00e9ho produktu, resp. IT slu\u017eby on-line objedn\u00e1vacieho (rezerva\u010dn\u00e9ho) a vernostn\u00e9ho syst\u00e9mu.<\/p>\n\n\n\n<p>V\u00fdsledkom realiz\u00e1cie projektu bude poskytovanie elektronick\u00e9ho objedn\u00e1vacieho a vernostn\u00e9ho syst\u00e9mu pre prev\u00e1dzky spravovac\u00edch slu\u017eieb re\u0161taur\u00e1ci\u00ed a kaviarn\u00ed, lek\u00e1rn\u00ed, retailu, kadern\u00edkov, kozmeti\u010dky, fotografov, pr\u00e1vnikov, veterin\u00e1rov, poskytovate\u013eov ubytovac\u00edch a doplnkov\u00fdch slu\u017eieb, podporn\u00fdch slu\u017eieb pre rozvoj turistick\u00e9ho ruchu v oblasti horsk\u00fdch vodcov, ly\u017eiarskych in\u0161truktor, po\u017ei\u010dovn\u00ed vystroja pre r\u00f4zne druhy \u0161portu, relaxa\u010dn\u00e9 slu\u017eby, ako s\u00fa mas\u00e1\u017ee, baz\u00e9ny, sauny, sol\u00e1ria, tenisov\u00e9 kurty, golfov\u00e9 ihrisk\u00e1, pren\u00e1jom automobilov, slu\u017eby spojen\u00e9 s vyhliadkov\u00fdmi jazdami historick\u00fdch vozidiel v regi\u00f3ne Ke\u017emarku, Tatier, na Slovensku, ako aj mimo \u00fazemia Slovenskej republiky.<\/p>\n\n\n\n<p>Realiz\u00e1ciou tohto projektu chce spolo\u010dnos\u0165 GM-LINK expandova\u0165 na trh nov\u00fdch slu\u017eieb, resp. nov\u00fdch produktov prostredn\u00edctvom roz\u0161\u00edrenia portf\u00f3lia svojich poskytovan\u00fdch slu\u017eieb aj men\u0161\u00edm z\u00e1kazn\u00edkom.<\/p>\n\n\n\n<p>Projekt je realizovan\u00fd v r\u00e1mci opera\u010dn\u00e9ho programu Integrovan\u00e1 infra\u0161trukt\u00fara. Inform\u00e1cie o Opera\u010dnom programe Integrovan\u00e1 infra\u0161trukt\u00fara 2014 \u2013 2020 n\u00e1jdete na&nbsp;<a href=\"http:\/\/www.opii.gov.sk\/\">www.opii.gov.sk<\/a>.<\/p>\n\n\n\n<p>Detail \u017eiadosti o nen\u00e1vratn\u00fd finan\u010dn\u00fd pr\u00edspevok Roz\u0161\u00edrenie poskytovania slu\u017eieb GM-LINK, s.r.o.&nbsp;<a href=\"https:\/\/www.itms2014.sk\/schvalena-zonfp?id=b4788754-6271-4164-b0f7-ba52a7bba896\">https:\/\/www.itms2014.sk\/schvalena-zonfp?id=b4788754-6271-4164-b0f7-ba52a&#8230;<\/a><\/p>\n\n\n\n<p><strong>Priebe\u017ene aktualizovan\u00e9 inform\u00e1cie o projekte a jeho aktivit\u00e1ch<\/strong><\/p>\n\n\n\n<ul class=\"wp-block-list\">\n<li>d\u0148a 25.02.2021 bola podp\u00edsan\u00e1 zmluva s dod\u00e1vate\u013eom \u010dasti &#8220;Objedn\u00e1vac\u00ed a vernostn\u00fd syst\u00e9m&#8221;<\/li>\n\n\n\n<li>d\u0148a 27.05.2021 bola podp\u00edsan\u00e1 zmluva s dod\u00e1vate\u013eom \u010dasti &#8220;Mobiln\u00e1 pou\u017e\u00edvate\u013esk\u00e1 aplik\u00e1cia&#8221;<\/li>\n\n\n\n<li>d\u0148a 30.08.2021 bola podp\u00edsan\u00e1 zmluva s dod\u00e1vate\u013eom \u010dasti &#8220;Grafick\u00fd n\u00e1vrh a webov\u00e9 s\u00eddlo k objedn\u00e1vaciemu a vernostn\u00e9mu syst\u00e9mu&#8221;<\/li>\n\n\n\n<li>d\u0148a 25.11.2021 bolo dodan\u00e9 rie\u0161enie<\/li>\n\n\n\n<li>d\u0148a 15.10.2022 bola webov\u00e1 str\u00e1nka a mobiln\u00e1 aplik\u00e1cia TatryKompas uveden\u00e1 do prev\u00e1dzky<\/li>\n<\/ul>\n\n\n\n<p><strong>V\u00fdstup projektu je dostupn\u00fd na webovej str\u00e1nke<\/strong><\/p>\n\n\n\n<figure class=\"wp-block-image size-full has-custom-border\"><img loading=\"lazy\" decoding=\"async\" width=\"297\" height=\"56\" src=\"https:\/\/web.gmlink.sk\/wp-content\/uploads\/2024\/01\/TatryKompas_Logo-removebg-preview.png\" alt=\"\" class=\"wp-image-492\" style=\"border-style:none;border-width:0px\"\/><\/figure>\n\n\n\n<p><a href=\"https:\/\/www.tatrykompas.sk\/\">https:\/\/www.tatrykompas.sk<\/a><\/p>\n","protected":false},"excerpt":{"rendered":"<p>Realiz\u00e1cia projektu v r\u00e1mci opera\u010dn\u00e9ho programu Integrovan\u00e1 infra\u0161trukt\u00fara. Prij\u00edmate\u013e: GM-LINK, s.r.o., Gener\u00e1la \u0160tef\u00e1nika 64, 060 01 Ke\u017emarokProjekt: Roz\u0161\u00edrenie poskytovania slu\u017eieb GM-LINK, s.r.oMiesto realiz\u00e1cie: Gener\u00e1la \u0160tef\u00e1nika 64, 060 01 Ke\u017emarokV\u00fd\u0161ka poskytnut\u00e9ho NFP: 47 144,50 EUR Cie\u013eom projektu je zv\u00fd\u0161enie konkurencieschopnosti a rozvoj podnikania spolo\u010dnosti GM-LINK, s.r.o. prostredn\u00edctvom zavedenia nov\u00e9ho produktu, resp. IT slu\u017eby on-line objedn\u00e1vacieho (rezerva\u010dn\u00e9ho) [&hellip;]<\/p>\n","protected":false},"author":2,"featured_media":0,"parent":0,"menu_order":0,"comment_status":"closed","ping_status":"closed","template":"","meta":{"footnotes":""},"class_list":["post-459","page","type-page","status-publish","hentry"],"_links":{"self":[{"href":"https:\/\/gm-link.sk\/index.php?rest_route=\/wp\/v2\/pages\/459"}],"collection":[{"href":"https:\/\/gm-link.sk\/index.php?rest_route=\/wp\/v2\/pages"}],"about":[{"href":"https:\/\/gm-link.sk\/index.php?rest_route=\/wp\/v2\/types\/page"}],"author":[{"embeddable":true,"href":"https:\/\/gm-link.sk\/index.php?rest_route=\/wp\/v2\/users\/2"}],"replies":[{"embeddable":true,"href":"https:\/\/gm-link.sk\/index.php?rest_route=%2Fwp%2Fv2%2Fcomments&post=459"}],"version-history":[{"count":11,"href":"https:\/\/gm-link.sk\/index.php?rest_route=\/wp\/v2\/pages\/459\/revisions"}],"predecessor-version":[{"id":683,"href":"https:\/\/gm-link.sk\/index.php?rest_route=\/wp\/v2\/pages\/459\/revisions\/683"}],"wp:attachment":[{"href":"https:\/\/gm-link.sk\/index.php?rest_route=%2Fwp%2Fv2%2Fmedia&parent=459"}],"curies":[{"name":"wp","href":"https:\/\/api.w.org\/{rel}","templated":true}]}}