{"id":21,"date":"2021-08-17T15:04:44","date_gmt":"2021-08-17T13:04:44","guid":{"rendered":"https:\/\/web.gmlink.sk\/?page_id=21"},"modified":"2024-01-17T09:54:11","modified_gmt":"2024-01-17T08:54:11","slug":"informacne-systemy-verejnej-spravy","status":"publish","type":"page","link":"https:\/\/gm-link.sk\/?page_id=21","title":{"rendered":"Informa\u010dn\u00e9 syst\u00e9my verejnej spr\u00e1vy"},"content":{"rendered":"\n<p class=\"has-text-align-left has-text-color has-link-color has-large-font-size wp-elements-eaf6f52e07127d8494ea237c23a52cc9\" style=\"color:#0693e3\">Informa\u010dn\u00e9 syst\u00e9my verejnej spr\u00e1vy<\/p>\n\n\n\n<p>Spolo\u010dnos\u0165 GM-Link je spo\u013eahliv\u00fd partner v oblasti n\u00e1vrhu informa\u010dn\u00fdch syst\u00e9mov verejnej spr\u00e1vy. GM-Link prin\u00e1\u0161a organiz\u00e1ci\u00e1m progres\u00edvne rie\u0161enia v s\u00falade so \u0161tandardami informa\u010dn\u00fdch syst\u00e9mov verejnej spr\u00e1vy a cie\u013emi a potrebami organiz\u00e1ci\u00ed.<\/p>\n\n\n\n<p>Poskytujeme profesion\u00e1lne poradenstvo pri z\u00edskavan\u00ed prostriedkov z Opera\u010dn\u00e9ho program Integrovan\u00e1 infra\u0161trukt\u00fara (OPII) zo \u0161truktur\u00e1lnych fondov Eur\u00f3pskej \u00fanie.<\/p>\n\n\n\n<p class=\"has-vivid-cyan-blue-color has-text-color\">Koncepcia rozvoja informa\u010dn\u00fdch technol\u00f3gi\u00ed (KRIT) verejnej spr\u00e1vy<\/p>\n\n\n\n<p>Ka\u017ed\u00e1 povinn\u00e1 osoba zodpoved\u00e1 za vytv\u00e1ranie, spr\u00e1vu a rozvoj informa\u010dn\u00fdch syst\u00e9mov verejnej spr\u00e1vy a je povinn\u00e1 vypracova\u0165 a aktualizova\u0165 koncepciu rozvoja informa\u010dn\u00fdch syst\u00e9mov (KRIS). T\u00e1to povinnos\u0165 vypl\u00fdva zo Z\u00e1kona 95\/2019 Z.z. o informa\u010dn\u00fdch technol\u00f3gi\u00e1ch vo verejnej spr\u00e1ve a o zmene a doplnen\u00ed niektor\u00fdch z\u00e1konov.<\/p>\n\n\n\n<p>Spolo\u010dnos\u0165 GM-Link poskytuje odborn\u00e9 poradenstvo pri n\u00e1vrhu KRIS. Cie\u013eom koncepcie je stanovenie cie\u013eov, organiza\u010dn\u00fdch, technick\u00fdch a technologick\u00fdch n\u00e1strojov a architekt\u00fary informa\u010dn\u00fdch syst\u00e9mov verejnej spr\u00e1vy. Pozost\u00e1va zo \u0161tyroch z\u00e1kladn\u00fdch \u010dast\u00ed:<\/p>\n\n\n\n<ul class=\"wp-block-list\">\n<li>Anal\u00fdza a vyhodnotenie s\u00fa\u010dasn\u00e9ho stavu informa\u010dn\u00fdch syst\u00e9mov povinnej osoby pre podporu slu\u017eieb verejnej spr\u00e1vy.<\/li>\n\n\n\n<li>Porovnanie s\u00fa\u010dasn\u00e9ho stavu informa\u010dn\u00fdch syst\u00e9mov s platnou legislat\u00edvou a cie\u013emi povinnej osoby.<\/li>\n\n\n\n<li>N\u00e1vrh KRIT povinnej osoby pre poskytovanie elektronick\u00fdch slu\u017eieb ob\u010danom a podnikate\u013eom.<\/li>\n\n\n\n<li>Vytvorenie\/aktualiz\u00e1cia KRIT povinnej osoby v centr\u00e1lnom metainforma\u010dnom syst\u00e9me verejnej spr\u00e1vy.<\/li>\n<\/ul>\n\n\n\n<p>Sk\u00fasen\u00fd konzulta\u010dn\u00fd t\u00edm spolo\u010dnosti GM-Link je garanciou, \u017ee navrhnut\u00e1 KRIS je v s\u00falade so \u0161tandardmi informa\u010dn\u00fdch syst\u00e9mov verejnej spr\u00e1vy, s N\u00e1rodnou koncepciou informatiz\u00e1cie verejnej spr\u00e1vy SR pri\u010dom zoh\u013ead\u0148uje individu\u00e1lne potreby a po\u017eiadavky povinnej osoby.<\/p>\n\n\n\n<p class=\"has-vivid-cyan-blue-color has-text-color\">Grantov\u00e9 poradenstvo programu OPII<\/p>\n\n\n\n<p>Spolo\u010dnos\u0165 GM-Link u\u013eah\u010duje \u017eiadate\u013eom z\u00edska\u0165 prostriedky na informatiz\u00e1ciu verejnej spr\u00e1vy zo \u0161truktur\u00e1lnych fondov Eur\u00f3pskej \u00fanie. GM-Link poskytuje odborn\u00e9 konzulta\u010dn\u00e9 slu\u017eby pri pr\u00edprave projektu (tvorba \u0161t\u00fadie uskuto\u010dnite\u013enosti, reformn\u00e9ho z\u00e1meru, finan\u010dnej anal\u00fdzy CBA), pri vypracovan\u00ed \u017eiadosti o nen\u00e1vratn\u00fd finan\u010dn\u00fd pr\u00edspevok (\u017doNFP) z Opera\u010dn\u00e9ho programu Integrovan\u00e1 infra\u0161trukt\u00fara (OPII), podie\u013ea sa na pr\u00edprave s\u00favisiacich dokumentov, poskytuje poradenstvo aj pri podan\u00ed projektu.<\/p>\n\n\n\n<p>Opera\u010dn\u00fd program Integrovan\u00e1 infra\u0161trukt\u00fara (OPII) je referen\u010dn\u00fd dokument, na z\u00e1klade ktor\u00e9ho je poskytovan\u00e1 podpora na v\u0161etky projekty informatiz\u00e1cie spolo\u010dnosti, podporovan\u00e9 zo \u0161truktur\u00e1lnych fondov.<\/p>\n\n\n\n<p>Vyu\u017eite dlhoro\u010dn\u00e9 riadiace sk\u00fasenosti spolo\u010dnosti GM-Link v oblasti informatiz\u00e1cie verejnej spr\u00e1vy.<\/p>\n","protected":false},"excerpt":{"rendered":"<p>Informa\u010dn\u00e9 syst\u00e9my verejnej spr\u00e1vy Spolo\u010dnos\u0165 GM-Link je spo\u013eahliv\u00fd partner v oblasti n\u00e1vrhu informa\u010dn\u00fdch syst\u00e9mov verejnej spr\u00e1vy. GM-Link prin\u00e1\u0161a organiz\u00e1ci\u00e1m progres\u00edvne rie\u0161enia v s\u00falade so \u0161tandardami informa\u010dn\u00fdch syst\u00e9mov verejnej spr\u00e1vy a cie\u013emi a potrebami organiz\u00e1ci\u00ed. Poskytujeme profesion\u00e1lne poradenstvo pri z\u00edskavan\u00ed prostriedkov z Opera\u010dn\u00e9ho program Integrovan\u00e1 infra\u0161trukt\u00fara (OPII) zo \u0161truktur\u00e1lnych fondov Eur\u00f3pskej \u00fanie. Koncepcia rozvoja informa\u010dn\u00fdch technol\u00f3gi\u00ed [&hellip;]<\/p>\n","protected":false},"author":2,"featured_media":0,"parent":0,"menu_order":0,"comment_status":"closed","ping_status":"closed","template":"","meta":{"footnotes":""},"class_list":["post-21","page","type-page","status-publish","hentry"],"_links":{"self":[{"href":"https:\/\/gm-link.sk\/index.php?rest_route=\/wp\/v2\/pages\/21"}],"collection":[{"href":"https:\/\/gm-link.sk\/index.php?rest_route=\/wp\/v2\/pages"}],"about":[{"href":"https:\/\/gm-link.sk\/index.php?rest_route=\/wp\/v2\/types\/page"}],"author":[{"embeddable":true,"href":"https:\/\/gm-link.sk\/index.php?rest_route=\/wp\/v2\/users\/2"}],"replies":[{"embeddable":true,"href":"https:\/\/gm-link.sk\/index.php?rest_route=%2Fwp%2Fv2%2Fcomments&post=21"}],"version-history":[{"count":8,"href":"https:\/\/gm-link.sk\/index.php?rest_route=\/wp\/v2\/pages\/21\/revisions"}],"predecessor-version":[{"id":656,"href":"https:\/\/gm-link.sk\/index.php?rest_route=\/wp\/v2\/pages\/21\/revisions\/656"}],"wp:attachment":[{"href":"https:\/\/gm-link.sk\/index.php?rest_route=%2Fwp%2Fv2%2Fmedia&parent=21"}],"curies":[{"name":"wp","href":"https:\/\/api.w.org\/{rel}","templated":true}]}}